1a?
-23
In base 12, what is 6b + 4?
73
In base 12, what is -171 - -3?
-16a
In base 10, what is 6 - 185?
-179
In base 6, what is 5 + -153?
-144
In base 14, what is 8 + 30?
38
In base 6, what is -2150 + 1?
-2145
In base 2, what is -111101 + 100?
-111001
In base 9, what is 5 + 233?
238
In base 10, what is -7 - 9?
-16
In base 3, what is -1202 + 121?
-1011
In base 13, what is -11 - 11?
-22
In base 10, what is -4 - -948?
944
In base 3, what is 2202111 - -2?
2202120
In base 6, what is 21401 - 0?
21401
In base 3, what is 1002000 + 0?
1002000
In base 16, what is 260 - -3?
263
In base 9, what is -4 - -153?
148
In base 12, what is -4 + 37a?
376
In base 15, what is -2c + -e?
-3b
In base 3, what is 0 + 20211101?
20211101
In base 4, what is 111 + -23?
22
In base 13, what is -32 - 5a?
-8c
In base 9, what is -836 - -6?
-830
In base 16, what is -2c4 - -2?
-2c2
In base 3, what is 21000 + 0?
21000
In base 12, what is 23b + 1?
240
In base 8, what is 25 - 20?
5
In base 14, what is -a + -d9?
-105
In base 7, what is -3 - -60?
54
In base 13, what is -267 + 1?
-266
In base 12, what is 1 + 531?
532
In base 9, what is -1733 - -5?
-1727
In base 13, what is -10a1 - 8?
-10a9
In base 2, what is 10 + 1110110101?
1110110111
In base 16, what is -3a0 + -4?
-3a4
In base 11, what is -5 - 545?
-54a
In base 8, what is -5 - 6142?
-6147
In base 13, what is -90b + -2?
-910
In base 15, what is -240 + -2?
-242
In base 7, what is -6 - 343?
-352
In base 12, what is 17 + 11?
28
In base 13, what is 9 - 64a?
-641
In base 9, what is 12305 - 0?
12305
In base 14, what is -1 + -56?
-57
In base 14, what is -34 + 17?
-1b
In base 7, what is 2 - -645?
650
In base 11, what is -22 - 462?
-484
In base 7, what is -6 - -502?
463
In base 10, what is 123 + 45?
168
In base 3, what is 110011 + 2110?
112121
In base 9, what is 4 + 3700?
3704
In base 12, what is 3 + -7a?
-77
In base 7, what is -46 - -1?
-45
In base 6, what is 4 - 215?
-211
In base 9, what is 5 + 82?
87
In base 9, what is -267 + 4?
-263
In base 7, what is -245 - -6?
-236
In base 15, what is -4 - -172?
16d
In base 10, what is 2 + 464?
466
In base 5, what is 301312 + 2?
301314
In base 11, what is -5 + -5068?
-5072
In base 10, what is 532 - 1?
531
In base 11, what is -99 + 35?
-64
In base 15, what is -2 - -27?
25
In base 11, what is 6 + -57?
-51
In base 14, what is -24a - -3?
-247
In base 2, what is -10000111001 + -100?
-10000111101
In base 7, what is -15 - 61?
-106
In base 11, what is 0 + 321?
321
In base 10, what is -838 - -4?
-834
In base 6, what is 12 + -3305?
-3253
In base 15, what is 5 - d?
-8
In base 11, what is 2091 - 2?
208a
In base 6, what is 5 + 540?
545
In base 10, what is -80 - -123?
43
In base 2, what is -11 + -1000100?
-1000111
In base 2, what is -1100110 + 11?
-1100011
In base 8, what is 164 - -25?
211
In base 5, what is 3 + 1422?
1430
In base 4, what is 102001 - 0?
102001
In base 15, what is -3 + -5c?
-60
In base 13, what is -5 + 8b?
86
In base 11, what is -4 - -29?
25
In base 3, what is 10 - -222?
1002
In base 7, what is 0 - -1154?
1154
In base 3, what is -1220 + -2?
-1222
In base 6, what is -4 - 122?
-130
In base 2, what is -1010000111001 - -1?
-1010000111000
In base 10, what is -149 - -30?
-119
In base 7, what is -53 + -1023?
-1106
In base 13, what is 115 + -5?
110
In base 13, what is -3 + -26?
-29
In base 6, what is -3 - 315?
-322
In base 16, what is 3 + -81a?
-817
In base 7, what is -10162 + 5?
-10154
In base 7, what is 15515 + -4?
15511
In base 13, what is a6 - 2?
a4
In base 8, what is 3 - 44?
-41
In base 12, what is b + -4?
7
In base 6, what is 121 + 0?
121
In base 16, what is 2 - 3b?
-39
In base 2, what is -11 + -10011001?
-10011100
In base 13, what is 13 - 30?
-1a
In base 6, what is 221 - 511?
-250
In base 16, what is 3ac + -5?
3a7
In base 10, what is -37 - 5?
-42
In base 5, what is 1004 - 33?
421
In base 15, what is 132 - 0?
132
In base 6, what is 121 + -3?
114
In base 10, what is -170 + 11?
-159
In base 6, what is -300103 - 0?
-300103
In base 10, what is 4 - 16?
-12
In base 3, what is -110212 - 11?
-111000
In base 5, what is -10 + -313?
-323
In base 4, what is 12020 - -11?
12031
In base 10, what is -20 + 2?
-18
In base 13, what is 1a5 - 1?
1a4
In base 12, what is -3 + -2?
-5
In base 10, what is -101 + 51?
-50
In base 10, what is -10 - 25?
-35
In base 7, what is 4 + -242?
-235
In base 16, what is -4 - 3c4?
-3c8
In base 6, what is -1501 + 1?
-1500
In base 14, what is 1 - -49?
4a
In base 8, what is -263 - 2?
-265
In base 7, what is 15 + -124?
-106
In base 4, what is -102 + 21?
-21
In base 9, what is -4 - -7376?
7372
In base 14, what is 9 - d?
-4
In base 14, what is 30 - 6?
28
In base 14, what is -d3 + 0?
-d3
In base 14, what is -a2 - -3?
-9d
In base 2, what is -101 + -1111111?
-10000100
In base 10, what is -3 + 522?
519
In base 15, what is -86d - 0?
-86d
In base 4, what is -30 - -20031?
20001
In base 14, what is c02 + 2?
c04
In base 4, what is -1 + -202?
-203
In base 10, what is 860 + 5?
865
In base 10, what is -24 + 11?
-13
In base 10, what is 80 + 26?
106
In base 2, what is -1 + -1100010111?
-1100011000
In base 15, what is -188 + 29?
-15e
In base 9, what is 14 + -11?
3
In base 9, what is 586 - -6?
603
In base 11, what is 8718 + -3?
8715
In base 3, what is 21 + 1001?
1022
In base 13, what is -622 - 3?
-625
In base 6, what is 4 - 3412?
-3404
In base 16, what is -6 - -45?
3f
In base 14, what is 0 + -a3?
-a3
In base 12, what is -110 + 14?
-b8
In base 9, what is 0 - -44?
44
In base 13, what is 1 + c?
10
In base 12, what is -9b4 + 6?
-9aa
In base 7, what is -1 + 21?
20
In base 3, what is 20110 - 20?
20020
In base 3, what is 11 + 20001?
20012
In base 2, what is -101 - 10011100101?
-10011101010
In base 11, what is -143 + 1?
-142
In base 12, what is -467 - -2?
-465
In base 10, what is -13 + -194?
-207
In base 4, what is 12320 - 1?
12313
In base 15, what is 2 + 420?
422
In base 14, what is -19 - 3d?
-58
In base 15, what is 4311 + 0?
4311
In base 4, what is 1 - -1023?
1030
In base 11, what is -2 + -6588?
-658a
In base 15, what is -27 + -6d?
-95
In base 12, what is 4 - -26?
2a
In base 2, what is -11111 - -10?
-11101
In base 6, what is 34053 + -2?
34051
In base 8, what is -4 - 13600?
-13604
In base 12, what is 4 - -41?
45
In base 4, what is 101 - -203?
310
In base 9, what is -13 + -28?
-42
In base 16, what is -25 + 0?
-25
In base 2, what is -1111011100 + -110?
-1111100010
In base 9, what is 3 - -517?
521
In base 5, what is 13 - 1143?
-1130
In base 16, what is e0 + 4?
e4
In base 12, what is 212 + 2?
214
In base 10, what is -1 - 26?
-27
In base 7, what is 3 + 5135?
5141
In base 12, what is -9 + 6?
-3
In base 16, what is -8a0 + -5?
-8a5
In base 7, what is 3135 - 4?
3131
In base 9, what is 2 - 5502?
-5500
In base 4, what is 1 + 201120?
201121
In base 16, what is -43 - 6?
-49
In base 11, what is -4 + 1129?
1125
In base 12, what is 161 - -3?
164
In base 6, what is 101 - -134?
235
In base 14, what is 1 - a?
-9
In base 12, what is -1 - -19b?
19a
In base 12, what is -5 + 30a?
305
In base 12, what is -57 - -1?
-56
In base 4, what is -11 - 121?
-132
In base 2, what is 10100 + 101110000?
110000100
In base 2, what is -1000 + 11100101001?
11100100001
In base 3, what is -12 + -121121?
-121210
In base 8, what is 36 - -5?
43
In base 14, what is -6 + -88?
-90
In base 8, what is -2 - -301?
277
In base 6, what is -15 - 303?
-322
In base 4, what is -1011231 - 0?
-1011231
In base 13, what is 6 - 5?
1
In base 11, what is -357 - 24?
-380
In base 15, what is -16 + 18?
2
In base 3, what is -1101 - -100?
-1001
In base 8, what is 2 + 147?
151
In base 8, what is -112 + -77?
-211
In base 10, what is 219 - -1?
220
In base 15, what is a + 60?
6a
In base 3, what is 110100 - -11?
110111
In base 2, what is -10 + -1110100?
-1110110
In base 9, what is 1 + -62?
-61
In base 16, what is -69 + 9?
-60
In base 7, what is -12 + -153?
-165
In base 5, what is 3 - -303?
311
In base 14, what is -8 + 25?
1b
In base 7, what is -2 - 5461?
-5463
In base 13, what is -16 + 5a?
44
In base 16, what is -b8 + 2?
-b6
In base 6, what is 225 - 4?
221
In base 11, what is 194 - 1?
193
In base 15, what is 6 + -53?
-4c
In base 4, what is 1 + -23021?
-23020
In base 7, what is 3 + -14?
-11
In base 6, what is -423 - 4?
-431
In base 14, what is db1c - 4?
db18
In base 7, what is 14 + -30?
-13
In ba